. Let v be 264/10 + 2/h. Suppose 3*i - v + 8 = 0. List the prime factors of i.
2, 3
Let z(h) = 12*h + 2. Let p = 19 + -8. Let c(d) = 59*d + 10. Let s(m) = p*z(m) - 2*c(m). What are the prime factors of s(2)?
2, 3, 5
Let k be (-18)/(-2)*6/9. Suppose k*d - 360 = -3*d. What are the prime factors of d?
2, 5
Suppose 25*o = 26*o - 5. Suppose -o*r + 220 = -r. What are the prime factors of r?
5, 11
Let b be 0/(-8)*(3 - (5 + -3)). Suppose -5*i + 144 + 426 = b. List the prime factors of i.
2, 3, 19
Let f(w) = 12*w**2 - 3*w - 4. Let z be f(6). Let q = 222 - z. List the prime factors of (-1)/(756/q + 4).
47
Let v(n) = -n**3 - 4*n**2 + 4*n - 6. Let s be v(-5). Let u be (4/(-5))/(s/5). Suppose u*q - 75 = 2*x + x, -5*x = -5*q + 95. List the prime factors of q.
2, 3
Suppose 4*l = 31 + 45. Let s = 7 + l. Suppose -2*r = -3*h - 30 - s, 0 = r - 2*h - 30. What are the prime factors of r?
2, 11
Let b = -57 + 59. List the prime factors of (-418)/(-4) + 1/b.
3, 5, 7
Let u be ((-6)/(-4))/(9/(-1572)). Let i = 428 + u. What are the prime factors of i?
2, 83
Let z = 2077 - 912. List the prime factors of z.
5, 233
Let s(n) = 4*n + 2. Suppose -14 = -d + 3. Let k = d - 13. What are the prime factors of s(k)?
2, 3
Suppose -s + 4*c - 33 = -2*s, 5*s - 2*c - 77 = 0. Let h(o) = o**3 - 15*o**2 - 21*o - 29. List the prime factors of h(s).
2, 3
Suppose 5011 = 6*t - t - 4*u, 2*t - 2009 = -3*u. List the prime factors of t.
17, 59
What are the prime factors of -5 - 4/(((-5)/930)/1)?
739
Let o(i) = i**3 - 18*i**2 + 23*i - 42. Let t be o(17). What are the prime factors of ((-30)/25)/((-2)/t)?
2, 3
Let m = -16 - -14. What are the prime factors of m/4 - 143/(-2)?
71
Suppose 2*v + 367 = t, 243 + 305 = -3*v + t. Let q = v + 362. List the prime factors of q.
181
Let m(p) = p + 8. Let l be m(-4). Suppose 4*d + l*y = 340, 2*y + 27 = -5*d + 440. List the prime factors of d.
3
Let t be 0 - (-8)/((-32)/(-900)). Suppose 2*u + 55 + 38 = g, -5*g = -5*u - t. Let i = -22 - u. What are the prime factors of i?
2, 13
Let x be 12/(-4) + 0*(-2 - -1). Let t be (-26)/(-6)*3/1. What are the prime factors of (-2)/(-1) + x + t?
2, 3
Let l(t) = 3*t**2 - 8*t - 5. Let a(n) = -n**2. Let x(f) = 4*a(f) + l(f). Suppose 0 = -4*v - 3*o - 26, -v = o - 2 + 9. List the prime factors of x(v).
2, 5
Let a(l) = 5*l**2 + 17*l - 184. What are the prime factors of a(14)?
2, 11, 47
Suppose 39 = -4*g + 3. Let w(h) = -h**3 - 7*h**2 + 12*h - 13. What are the prime factors of w(g)?
41
Suppose 0 = -6*f + 9*f - 9. What are the prime factors of (f - -50) + 7/(7/2)?
5, 11
Suppose -9*c + 8*c = -24. Let d(y) = y**3 - 4*y**2 + 3*y. Let a be d(5). Let t = a - c. What are the prime factors of t?
2
Suppose 10*q = 15*q + 25. List the prime factors of 1*q/5 - -56.
5, 11
Let z = -195 - -292. Suppose -2*c - 10 = -4*c. Suppose -c*f = -z + 7. List the prime factors of f.
2, 3
Suppose -2*r + 5*r = 5*f + 37, 0 = 4*f + 20. Suppose 2*g - 11 = 5*a - r, 2*g = -a + 1. Let o(i) = 3*i - 1. List the prime factors of o(g).
2
Let x be (24/(-21))/(6/(-21)). Suppose r - 18 = -4*b - x*r, -4*r = -3*b + 29. Suppose i - b = 12. List the prime factors of i.
19
Let c = 3 - -190. Let v = c + 8. List the prime factors of v.
3, 67
Let f = -7 - -12. Let n = f - 0. Suppose -4*w - 66 = -3*k - w, n*k = 2*w + 107. What are the prime factors of k?
3, 7
Let w = -5331 - -7532. List the prime factors of w.
31, 71
Suppose -4*n - 1725 = -9*n. Suppose -n = 5*g + 4*i, g + 4*i = i - 69. Let l = g + 116. List the prime factors of l.
47
Suppose -4*j = 0, -5*t + 6*j - 5*j + 1380 = 0. Let f = t - 166. List the prime factors of f.
2, 5, 11
Suppose 0 = 10*q - 10604 - 6946. What are the prime factors of q?
3, 5, 13
Let p = 2720 + -1892. List the prime factors of p.
2, 3, 23
Suppose 1 = s + 4, -5*u = 2*s - 484. Suppose -4*q = -68 - 124. Let f = u - q. What are the prime factors of f?
2, 5
Let k be (-5988)/(-5) - 6/10. Suppose 6*h - k = -3. List the prime factors of h.
199
Suppose -2*k + 4*t = -62 - 44, -5*k = -4*t - 259. Suppose u - 3*j - k = 0, 9*j = 4*j + 25. List the prime factors of u.
2, 3, 11
Let x = -4242 - -7690. List the prime factors of x.
2, 431
Suppose 5*f = 2*f + 255. List the prime factors of (-1)/(2 - f/42).
2, 3, 7
Let o be (-11)/(-6) - (-9)/54. Suppose o*n + 260 = 7*n. Suppose 3*u = 5*t + n, -2*u - 24 = -3*u + 3*t. List the prime factors of u.
3
Let b = 11 + 17. What are the prime factors of b/14 + 38 + -1?
3, 13
Let u(l) = l**3 - 39*l**2 + 24*l - 86. List the prime factors of u(40).
2, 1237
Let p be (5/(-3))/(-3 + (-24)/(-9)). What are the prime factors of (10 - p - 23)*8/(-3)?
2, 3
Suppose -9*g + 9 = -6*g. Suppose g*b - 17 = -5*i, 4*i - 6 = -5*b + 5. List the prime factors of 6/5*70/i.
3, 7
Suppose -2*r = -5*q - 138, q - 2*r + 16 + 18 = 0. Let m = 29 - q. What are the prime factors of m?
5, 11
Let m be -2*5/((-40)/324). Let q = m + -49. List the prime factors of q.
2
Let k(a) = 36*a. List the prime factors of k(10).
2, 3, 5
Let k = 639 - 1463. Let y be k/10 - (-9)/(-15). Let b = -52 - y. List the prime factors of b.
31
Let r(l) = -l**3 - l**2 + 10*l - 3. Let t be r(-4). List the prime factors of ((-14)/t)/((-1)/25).
2, 5, 7
Let h be (-3 + 0)*121/33. Let g(q) = -q**3 - 10*q**2 + 8*q - 15. Let w be g(h). Let k = w + -8. List the prime factors of k.
2, 5
Let u be 1 - (819/(-3) + 2). Suppose -w = 111 - u. What are the prime factors of w?
7, 23
Let a(l) = l**2 - 7*l + 8. Let i = 15 + -9. Let m be a(i). Suppose 0 = m*t - 0*t - 14. What are the prime factors of t?
7
Suppose -1785 = 16*c - 23*c. List the prime factors of (3 + -4)/(4 - 1023/c).
5, 17
Suppose -u - 12 = -3*u. Let l(c) = -c**3 - c**2. Let w(f) = -5*f**3 - 13*f**2 - 6*f + 7. Let h(n) = 6*l(n) - w(n). What are the prime factors of h(u)?
5, 13
Let r(l) = l**2 - 11*l - 5. Let z(x) = x**2 + 23*x + 15. Let k be z(-22). List the prime factors of r(k).
11
Let w(l) = 5*l - 2. Let d be w(1). Let f = d - -8. Let b = 6 + f. What are the prime factors of b?
17
Let i(v) = v**3 - 9*v**2 - 12*v - 13. Let u be i(12). Suppose -5*g + 4*z + 285 = 0, -5*g + 4*z + u = 2*z. List the prime factors of g.
53
Let s(x) = 5*x + 5. Let c be s(5). Let v(m) = -m + 11. Let y be v(9). Suppose c = -t + y*t. What are the prime factors of t?
2, 3, 5
What are the prime factors of (-1)/(-2) - (-26226)/36?
3
Suppose -5*i + 11 = -9. Suppose 0*m - 20 = -i*m. Suppose 0*z - 40 = -m*z. List the prime factors of z.
2
List the prime factors of (-90573)/(-28) - 6/8.
2, 3, 7, 11
Let h = 106 + -40. Suppose 0 = 3*a - 3*k - h, 62 = 3*a - k - 14. List the prime factors of a.
3
Let v = -24 - -28. Suppose -4*s - 2*f + 108 = 0, -9*s + 4*s + v*f = -148. Suppose s = -3*r + 169. List the prime factors of r.
47
Suppose 751 - 6381 = -10*h. What are the prime factors of h?
563
Let p be (1 - -3)*1/2. Let z(u) = 8*u**p - 4*u**2 + 29*u**2. List the prime factors of z(1).
3, 11
Suppose -3*d + 4*a + 853 = 0, 4*d = 5*a + 1166 - 27. Let s = d - 131. Suppose -4*x = -5*q - s, -3*q + 39 = -4*x + 191. List the prime factors of x.
5, 7
Let z = -73 - -55. Suppose 0*b + 29 = b. Let v = b + z. List the prime factors of v.
11
Let r(i) = -44 - 7*i + 45 + i**3 - i - 4*i**2. What are the prime factors of r(6)?
5
Let a = 1503 - -258. List the prime factors of a.
3, 587
Suppose -3*z - u + 10 = -1, 2*z + 5*u - 29 = 0. Let c be (-30)/(-3)*1/z. Suppose c*n - 98 = 3*n. What are the prime factors of n?
7
Let y(u) = u**2 - 5*u. Let z be y(5). Suppose 2*l - 186 = -z*l + 2*p, p + 449 = 5*l. What are the prime factors of l?
89
Let h = 209 + -204. Suppose -3 + 1 = -q. Suppose h*f - 196 = -q*f. List the prime factors of f.
2, 7
Let i = 2856 - 1787. What are the prime factors of i?
1069
Let o = -812 - -1515. What are the prime factors of o?
19, 37
Suppose 0 = -5*g + 13*g - 32. Suppose -44 = 2*w - g*w. List the prime factors of w.
2, 11
Suppose 5*r = 3*s + 234 - 989, 0 = 2*r + 2. What are the prime factors of s?
2, 5
Let y(b) = -b**3 + 8*b**2 + 5. Let d be y(7). Suppose -4*r - 6 = d. Let a = r - -24. What are the prime factors of a?
3
Let z(h) = -10*h**3 - 36*h**2 - 51*h + 1. Let m(n) = 3*n**3 + 12*n**2 + 17*n. Let q(c) = 7*m(c) + 2*z(c). What are the prime factors of q(-10)?
2
Let f(g) = g**3 + g**2 + 14. Let u = -131 - -187. Let a be (-4)/(-14) - 16/u. List the prime factors of f(a).
2, 7
Let w(x) = 1325*x**